lculate the greatest common divisor of p and 57.
19
Suppose 4*z + 169 = -23. Let i = 31 + z. Let j = 38 + i. What is the greatest common divisor of 63 and j?
21
Suppose -58 = -4*v - 2*d, -v - 2 + 15 = -d. Suppose 3*k = -5*y + 764, -k - k + 612 = 4*y. Calculate the highest common factor of y and v.
14
Let p(z) = 142*z**3 + z. Let f be p(1). Let y(o) = o**3 - 6*o**2 + 2*o + 1. Let n be y(6). Calculate the greatest common factor of n and f.
13
Suppose v - 16 + 7 = 0. Suppose 0 = a - 2 - 9. Suppose 0 = -4*f + 13 + a. Calculate the highest common divisor of f and v.
3
Suppose 0 = -2*p + 3*z - 6*z + 70, -5*p + 150 = -5*z. What is the highest common divisor of p and 96?
32
Let r(o) be the second derivative of o**4/4 + o**3 - o**2 - 3*o. Let q be r(4). What is the highest common divisor of 14 and q?
14
Let w be -1 - (-2)/((-2)/(-3)). Let c = 114 - 112. What is the highest common factor of w and c?
2
Let h = 98 - 80. Calculate the greatest common divisor of 63 and h.
9
Let o(x) = x - 9. Let j be o(9). Suppose 0 = -s + 3*h - 8, j = -2*s - h - h + 16. What is the greatest common factor of 8 and s?
4
Let t(m) = m**2 - 12*m + 14. Let v be t(14). Calculate the greatest common divisor of v and 6.
6
Suppose -58 = -2*p + 54. Let l = -34 + p. Suppose g + 2*g = -4*j + 103, 65 = 2*g - j. What is the greatest common divisor of g and l?
11
Suppose -2*g = -g. Suppose h - 2 - 4 = g. Let l(a) = a + 15. Let b be l(-6). Calculate the highest common factor of b and h.
3
Let l be (-224)/(-120) - (-4)/30. Calculate the greatest common divisor of 2 and l.
2
Let v(m) = -m**3 - 2*m**2 - 1. Let n be v(-3). Calculate the greatest common divisor of 128 and n.
8
Suppose z + 0*z = 8. Suppose 0 = -i + 2*r + 16 - 5, i = -r - 1. Let m be i/(-6)*2 - -5. Calculate the greatest common factor of m and z.
4
Let z(q) = q**2 + 3*q - 2. Let w be z(2). Suppose -5*n + 4*l = -0*n - 576, 116 = n - l. Suppose -2*x = -4*x + n. What is the greatest common factor of x and w?
8
Let l(n) = 2*n**2 + 5*n + 2. Let h be l(-4). Calculate the greatest common factor of 28 and h.
14
Let r(j) = -j**3 - 11*j**2 - 3*j + 12. Let i be r(-9). Let f = 243 + i. Calculate the greatest common factor of f and 15.
15
Let i be -4 + 22 - 0/1. What is the highest common divisor of 144 and i?
18
Let i be (-4)/(-10) + (-85)/25. Let p be (-577)/(-4) + i/12. What is the greatest common divisor of p and 16?
16
Suppose -4*l + 220 = 3*o, -5*l - 2*o + 275 = o. What is the highest common factor of 22 and l?
11
Suppose 3*l + 3*s - 99 = 0, -5*l + 2*l = 4*s - 96. Calculate the greatest common divisor of l and 252.
36
Let g be (-8)/((-6)/45*(-6)/(-4)). What is the greatest common divisor of g and 100?
20
Let l = 9 + 19. Calculate the greatest common divisor of l and 42.
14
Let w(z) = z**2 + 2*z + 3. Let r be w(-3). Suppose -s + r = s. Suppose -s*u + 96 = u. Calculate the greatest common factor of u and 12.
12
Let x be ((-2 - -3) + -6)*1*-1. Calculate the highest common divisor of x and 1.
1
Let m be -3*1/(-1) - 3. Let t be (2/5 - m)*25. What is the highest common factor of t and 80?
10
Let u be (-6 - 38/(-6)) + 173/3. What is the highest common divisor of u and 29?
29
Let z(a) = -2*a + 8. Let s(r) = 6 - 8*r - 5*r**2 + 2*r**3 - r**3 - 1. Let v be s(6). Let n be z(v). Calculate the greatest common factor of n and 2.
2
Suppose 0 = q + 3*q - 8. Suppose -d + q = d. Let k = 15 + -10. Calculate the greatest common divisor of k and d.
1
Let m = -3 - -5. Let b(h) = 10 - 4*h**3 - 10*h**m + 3*h**3 + 2. Let l be b(-10). What is the greatest common divisor of 60 and l?
12
Suppose -3*q + 213 = 21. Let x(m) = m**2 - 12*m + 3. Let v be x(13). What is the greatest common divisor of q and v?
16
Let n = -23 + 80. Let p = 124 + -86. What is the highest common divisor of n and p?
19
Suppose -4*k - 4*u + 16 = 0, -3*u - 2 = -2*k - 4. Suppose k*y - 179 = -f, 159 = 3*y - 2*f - 113. Calculate the greatest common factor of 10 and y.
10
Let d be (2 + 0)/(4/10). Suppose -4*b + 3*q = -14, -4*q - 31 = -5*b - 7*q. What is the greatest common divisor of d and b?
5
Let o = 4 + 3. Suppose -4*s = -12 - 16. Calculate the highest common factor of o and s.
7
Let j(k) = k**2 - 10*k - 7. Let w be j(-7). What is the highest common factor of w and 14?
14
Let i be (-35)/14*(-14 - 0). Let n = 63 - i. What is the greatest common factor of n and 7?
7
Suppose 4*q - 5*c + 2 = 7, q - 5*c = 5. Let i = 8 - q. Calculate the highest common divisor of 1 and i.
1
Suppose -r - 12 = 4. Let q = 6 - r. What is the greatest common factor of 176 and q?
22
Suppose 5*r = 8 + 12. Let w = 22 - 4. Suppose 12 = 3*c - w. Calculate the highest common divisor of c and r.
2
Let l(s) = -s**2 - 10*s - 9. Let b = -16 - -9. Let d be l(b). What is the greatest common factor of d and 24?
12
Let b be ((24/(-9))/(-2))/(7/126). Calculate the greatest common factor of 12 and b.
12
Let a(k) = k - 1. Let m be a(5). Let f(p) = 2*p**2 - p + 4. Let v be 6*-1*(-4)/6. Let o be f(v). Calculate the greatest common divisor of m and o.
4
Let a(p) = p**3 + 6*p**2 + 4*p + 3. Suppose -4 = 2*o - 0*o. Let x = -4 - o. Let w be a(x). What is the highest common divisor of 88 and w?
11
Let o(a) = -a + 5. Let i be o(3). Let x(j) = -2*j. Let l be x(-5). Calculate the highest common factor of i and l.
2
Let b(v) be the first derivative of 8*v**3/3 + v**2/2 + 2*v - 6. Let y be b(2). What is the greatest common factor of 12 and y?
12
Let g(h) be the second derivative of h**5/20 - 5*h**4/6 + 2*h**3 + h**2/2 - 4*h. Let o be g(9). What is the highest common factor of o and 7?
7
Suppose -8*s + 24 + 24 = 0. Calculate the greatest common factor of s and 12.
6
Let c(d) = 1 + 3 + 4*d - 1. Let h be c(6). Suppose 3*s - 27 = 3*f, h = 3*s - 0*f + 3*f. What is the greatest common factor of 9 and s?
9
Suppose -2*p = -3*p - 5*t + 41, -4*p + 143 = -t. Let m = 33 + -15. Calculate the greatest common factor of p and m.
18
Suppose g - 280 = -4*g. Let n(k) = -k**3 - 2*k**2 + k - 4. Let t be n(-3). Let z = t - -5. Calculate the greatest common factor of g and z.
7
Suppose 5*g = 9 + 41. Suppose -u - u = 3*v - g, u - 10 = v. What is the highest common factor of u and 2?
2
Suppose -33 = 10*g - 11*g. What is the greatest common factor of 264 and g?
33
Suppose 8*a - 3*a = 5. Suppose 132 = 7*o + 125. What is the greatest common factor of a and o?
1
Let o be (-4)/22 + (-408)/(-66). Suppose -4*l + 61 = -z, -3*l + z - o*z = -17. Suppose 2*k = 95 + 45. Calculate the highest common factor of l and k.
14
Let m = -6 - -27. Calculate the highest common divisor of 231 and m.
21
Let c be 40/6 - (-6)/(-9). Let m be (-16)/(-6)*c - -1. Calculate the highest common divisor of 136 and m.
17
Let u = -22 + 28. What is the greatest common divisor of 24 and u?
6
Let x = -41 - -68. What is the highest common factor of 54 and x?
27
Let r be 1/(4/4244) - -3. Suppose -9*c + r = -2*c. Calculate the highest common divisor of 19 and c.
19
Suppose -5*d + 508 = 158. Calculate the highest common factor of 14 and d.
14
Suppose -2*z - 5*f + 19 = -9, 0 = -4*z - 4*f + 44. What is the highest common factor of 99 and z?
9
Suppose 0 = 2*h - 6*h + 24. Let x be ((-196)/7)/((-2)/3). What is the highest common factor of x and h?
6
Let j = -5 - -28. Let h = -18 - -4. Let o = h + j. Calculate the highest common factor of o and 36.
9
Suppose 4*a + 0*x - 400 = -5*x, 0 = -2*a - x + 200. Let m be (9/(-6))/(2/(-8)). Let u be (32/m)/(10/75). What is the highest common divisor of a and u?
20
Suppose 3*h = -5*n + 17, 5*h - 21 = n - 2*n. Suppose -69 - 35 = -5*i + 2*c, 3*i + 4*c = 52. What is the greatest common factor of h and i?
4
Let r = 212 + -72. Calculate the highest common factor of 28 and r.
28
Let m = 4 - -14. Let l(w) = w + 21. Let r be l(0). Let n = 33 - r. What is the greatest common divisor of m and n?
6
Suppose 4*v - 73 = 5*q + 49, -159 = -5*v + 3*q. Calculate the greatest common divisor of v and 3.
3
Suppose 0 = -v - l + 159, -651 = -4*v - 2*l - 25. Let p = 2 - -20. Calculate the highest common divisor of p and v.
22
Suppose -3*l = a - 8, 4*a - 5*l + 2 + 0 = 0. Calculate the greatest common factor of a and 2.
2
Let p(y) = -24*y + 24. Let a be p(-5). Suppose 3*q = -5*k - 0*k + 74, 0 = 4*k - 16. Calculate the greatest common divisor of a and q.
18
Let c = 0 - -35. Let a = -2 + 2. Suppose -3*n - 2*n + 